{"id":19584,"date":"2024-09-11T12:27:35","date_gmt":"2024-09-11T10:27:35","guid":{"rendered":"https:\/\/agendacultural.catedraturismosostenible.es\/agenda\/?post_type=tribe_events&#038;p=19584"},"modified":"2024-09-11T12:30:48","modified_gmt":"2024-09-11T10:30:48","slug":"o-invicto-de-satyajit-ray-i-close-up-8-3","status":"publish","type":"tribe_events","link":"https:\/\/agendacultural.catedraturismosostenible.es\/agenda\/event\/o-invicto-de-satyajit-ray-i-close-up-8-3\/","title":{"rendered":"O INVICTO de Satyajit Ray I Close-up 8.3"},"content":{"rendered":"<h2 id=\"casa-das-artes-de-vila-nova-de-famalicao\">Casa das Artes de Vila Nova de Famalic\u00e3o<\/h2>\n<p>Um comboio atravessa uma ponte sobre o rio. E logo estamos na cidade sagrada de Benares, nas margens do Ganges, onde Apu e os pais recome\u00e7am a vida da fam\u00edlia. Apu tem 10 anos e \u00e9 um aluno curioso e brilhante. Mas o infort\u00fanio obriga a que regresse com a m\u00e3e \u00e0 aldeia natal. Apu ganha uma bolsa para estudar em Calcut\u00e1, o que vai obrig\u00e1-lo a separar-se da m\u00e3e. Neste segundo epis\u00f3dio da \u201ctrilogia de Apu\u201d de Satyajit Ray, uma bel\u00edssima rela\u00e7\u00e3o m\u00e3e\/filho est\u00e1 no centro do filme, em que vemos Apu transmitir \u00e0 m\u00e3e, que se sacrifica para que ele estude, parte do que aprende na escola. O Invicto foi premiado com o Le\u00e3o de Ouro no festival de Veneza, onde o cineasta decidiu que seria o segundo t\u00edtulo de uma trilogia dedicada a Apu. O Invicto \u00e9 o filme mais belo desta trilogia e uma das obras-primas de Ray.<\/p>\n","protected":false},"excerpt":{"rendered":"Casa das Artes de Vila Nova de Famalic\u00e3o Um comboio atravessa uma ponte sobre o rio. E logo&hellip;\n","protected":false},"author":1,"featured_media":19588,"comment_status":"closed","ping_status":"closed","template":"","meta":{"_tribe_events_status":"","_tribe_events_status_reason":"","_tribe_events_is_hybrid":"","_tribe_events_is_virtual":"","_tribe_events_virtual_video_source":"","_tribe_events_virtual_embed_video":"","_tribe_events_virtual_linked_button_text":"","_tribe_events_virtual_linked_button":"","_tribe_events_virtual_show_embed_at":"","_tribe_events_virtual_show_embed_to":[],"_tribe_events_virtual_show_on_event":"","_tribe_events_virtual_show_on_views":"","_tribe_events_virtual_url":"","footnotes":""},"tags":[],"tribe_events_cat":[],"class_list":["post-19584","tribe_events","type-tribe_events","status-publish","has-post-thumbnail","cs-entry","cs-video-wrap"],"_links":{"self":[{"href":"https:\/\/agendacultural.catedraturismosostenible.es\/agenda\/wp-json\/wp\/v2\/tribe_events\/19584","targetHints":{"allow":["GET"]}}],"collection":[{"href":"https:\/\/agendacultural.catedraturismosostenible.es\/agenda\/wp-json\/wp\/v2\/tribe_events"}],"about":[{"href":"https:\/\/agendacultural.catedraturismosostenible.es\/agenda\/wp-json\/wp\/v2\/types\/tribe_events"}],"author":[{"embeddable":true,"href":"https:\/\/agendacultural.catedraturismosostenible.es\/agenda\/wp-json\/wp\/v2\/users\/1"}],"replies":[{"embeddable":true,"href":"https:\/\/agendacultural.catedraturismosostenible.es\/agenda\/wp-json\/wp\/v2\/comments?post=19584"}],"version-history":[{"count":2,"href":"https:\/\/agendacultural.catedraturismosostenible.es\/agenda\/wp-json\/wp\/v2\/tribe_events\/19584\/revisions"}],"predecessor-version":[{"id":19590,"href":"https:\/\/agendacultural.catedraturismosostenible.es\/agenda\/wp-json\/wp\/v2\/tribe_events\/19584\/revisions\/19590"}],"wp:featuredmedia":[{"embeddable":true,"href":"https:\/\/agendacultural.catedraturismosostenible.es\/agenda\/wp-json\/wp\/v2\/media\/19588"}],"wp:attachment":[{"href":"https:\/\/agendacultural.catedraturismosostenible.es\/agenda\/wp-json\/wp\/v2\/media?parent=19584"}],"wp:term":[{"taxonomy":"post_tag","embeddable":true,"href":"https:\/\/agendacultural.catedraturismosostenible.es\/agenda\/wp-json\/wp\/v2\/tags?post=19584"},{"taxonomy":"tribe_events_cat","embeddable":true,"href":"https:\/\/agendacultural.catedraturismosostenible.es\/agenda\/wp-json\/wp\/v2\/tribe_events_cat?post=19584"}],"curies":[{"name":"wp","href":"https:\/\/api.w.org\/{rel}","templated":true}]}}

<h2 id="casa-das-artes-de-vila-nova-de-famalicao">Casa das Artes de Vila Nova de Famalicão</h2>
<p>Um comboio atravessa uma ponte sobre o rio. E logo estamos na cidade sagrada de Benares, nas margens do Ganges, onde Apu e os pais recomeçam a vida da família. Apu tem 10 anos e é um aluno curioso e brilhante. Mas o infortúnio obriga a que regresse com a mãe à aldeia natal. Apu ganha uma bolsa para estudar em Calcutá, o que vai obrigá-lo a separar-se da mãe. Neste segundo episódio da “trilogia de Apu” de Satyajit Ray, uma belíssima relação mãe/filho está no centro do filme, em que vemos Apu transmitir à mãe, que se sacrifica para que ele estude, parte do que aprende na escola. O Invicto foi premiado com o Leão de Ouro no festival de Veneza, onde o cineasta decidiu que seria o segundo título de uma trilogia dedicada a Apu. O Invicto é o filme mais belo desta trilogia e uma das obras-primas de Ray.</p>

Casa das Artes de Vila Nova de Famalicão Um comboio atravessa uma ponte sobre o rio. E logo&hellip;
