{"id":19481,"date":"2024-09-11T10:45:42","date_gmt":"2024-09-11T08:45:42","guid":{"rendered":"https:\/\/agendacultural.catedraturismosostenible.es\/agenda\/?post_type=tribe_events&#038;p=19481"},"modified":"2024-09-11T10:54:19","modified_gmt":"2024-09-11T08:54:19","slug":"dia-de-portugal-en-extremadura","status":"publish","type":"tribe_events","link":"https:\/\/agendacultural.catedraturismosostenible.es\/agenda\/event\/dia-de-portugal-en-extremadura\/","title":{"rendered":"D\u00eda de Portugal en Extremadura"},"content":{"rendered":"<p>Se desarrolla en diversas localidades de Extremadura. En torno a la celebraci\u00f3n del d\u00eda de Portugal, en Extremadura se viene desarrollando desde hace a\u00f1os una programaci\u00f3n cultural en la que Portugal y la cultura lus\u00f3fona es protagonista, cada a\u00f1o con actividades diferentes en todos los \u00e1mbitos: m\u00fasica, cine, teatro, literatura, exposiciones, etc<\/p>\n","protected":false},"excerpt":{"rendered":"Se desarrolla en diversas localidades de Extremadura. En torno a la celebraci\u00f3n del d\u00eda de Portugal, en Extremadura&hellip;\n","protected":false},"author":1,"featured_media":19486,"comment_status":"closed","ping_status":"closed","template":"","meta":{"_tribe_events_status":"","_tribe_events_status_reason":"","_tribe_events_is_hybrid":"","_tribe_events_is_virtual":"","_tribe_events_virtual_video_source":"","_tribe_events_virtual_embed_video":"","_tribe_events_virtual_linked_button_text":"","_tribe_events_virtual_linked_button":"","_tribe_events_virtual_show_embed_at":"","_tribe_events_virtual_show_embed_to":[],"_tribe_events_virtual_show_on_event":"","_tribe_events_virtual_show_on_views":"","_tribe_events_virtual_url":"","footnotes":""},"tags":[],"tribe_events_cat":[],"class_list":["post-19481","tribe_events","type-tribe_events","status-publish","has-post-thumbnail","cs-entry","cs-video-wrap"],"_links":{"self":[{"href":"https:\/\/agendacultural.catedraturismosostenible.es\/agenda\/wp-json\/wp\/v2\/tribe_events\/19481","targetHints":{"allow":["GET"]}}],"collection":[{"href":"https:\/\/agendacultural.catedraturismosostenible.es\/agenda\/wp-json\/wp\/v2\/tribe_events"}],"about":[{"href":"https:\/\/agendacultural.catedraturismosostenible.es\/agenda\/wp-json\/wp\/v2\/types\/tribe_events"}],"author":[{"embeddable":true,"href":"https:\/\/agendacultural.catedraturismosostenible.es\/agenda\/wp-json\/wp\/v2\/users\/1"}],"replies":[{"embeddable":true,"href":"https:\/\/agendacultural.catedraturismosostenible.es\/agenda\/wp-json\/wp\/v2\/comments?post=19481"}],"version-history":[{"count":2,"href":"https:\/\/agendacultural.catedraturismosostenible.es\/agenda\/wp-json\/wp\/v2\/tribe_events\/19481\/revisions"}],"predecessor-version":[{"id":19487,"href":"https:\/\/agendacultural.catedraturismosostenible.es\/agenda\/wp-json\/wp\/v2\/tribe_events\/19481\/revisions\/19487"}],"wp:featuredmedia":[{"embeddable":true,"href":"https:\/\/agendacultural.catedraturismosostenible.es\/agenda\/wp-json\/wp\/v2\/media\/19486"}],"wp:attachment":[{"href":"https:\/\/agendacultural.catedraturismosostenible.es\/agenda\/wp-json\/wp\/v2\/media?parent=19481"}],"wp:term":[{"taxonomy":"post_tag","embeddable":true,"href":"https:\/\/agendacultural.catedraturismosostenible.es\/agenda\/wp-json\/wp\/v2\/tags?post=19481"},{"taxonomy":"tribe_events_cat","embeddable":true,"href":"https:\/\/agendacultural.catedraturismosostenible.es\/agenda\/wp-json\/wp\/v2\/tribe_events_cat?post=19481"}],"curies":[{"name":"wp","href":"https:\/\/api.w.org\/{rel}","templated":true}]}}

Día de Portugal en Extremadura

<p>Se desarrolla en diversas localidades de Extremadura. En torno a la celebración del día de Portugal, en Extremadura se viene desarrollando desde hace años una programación cultural en la que Portugal y la cultura lusófona es protagonista, cada año con actividades diferentes en todos los ámbitos: música, cine, teatro, literatura, exposiciones, etc</p>

Se desarrolla en diversas localidades de Extremadura. En torno a la celebración del día de Portugal, en Extremadura&hellip;
