{"id":19454,"date":"2024-09-11T07:57:18","date_gmt":"2024-09-11T05:57:18","guid":{"rendered":"https:\/\/agendacultural.catedraturismosostenible.es\/agenda\/?post_type=tribe_events&#038;p=19454"},"modified":"2024-09-11T08:39:34","modified_gmt":"2024-09-11T06:39:34","slug":"festival-aritmar","status":"publish","type":"tribe_events","link":"https:\/\/agendacultural.catedraturismosostenible.es\/agenda\/event\/festival-aritmar\/","title":{"rendered":"Festival &#8220;Aritmar&#8221;."},"content":{"rendered":"\r\n\r\n\r\n\r\n\r\n<p>Festival organizado por las escuelas oficiales de idiomas de Galicia para compartir la creaci\u00f3n de m\u00fasicos y poetas en gallego y portugu\u00e9s, con una selecci\u00f3n a trav\u00e9s de votaci\u00f3n del alumnado y una gala de entrega.<\/p>\r\n\r\n\r\n\r\n\r\n\r\n\r\n\r\n\r\n","protected":false},"excerpt":{"rendered":"Festival organizado por las escuelas oficiales de idiomas de Galicia para compartir la creaci\u00f3n de m\u00fasicos y poetas&hellip;\n","protected":false},"author":1,"featured_media":19456,"comment_status":"closed","ping_status":"closed","template":"","meta":{"_tribe_events_status":"","_tribe_events_status_reason":"","_tribe_events_is_hybrid":"","_tribe_events_is_virtual":"","_tribe_events_virtual_video_source":"","_tribe_events_virtual_embed_video":"","_tribe_events_virtual_linked_button_text":"","_tribe_events_virtual_linked_button":"","_tribe_events_virtual_show_embed_at":"","_tribe_events_virtual_show_embed_to":[],"_tribe_events_virtual_show_on_event":"","_tribe_events_virtual_show_on_views":"","_tribe_events_virtual_url":"","footnotes":""},"tags":[],"tribe_events_cat":[],"class_list":["post-19454","tribe_events","type-tribe_events","status-publish","has-post-thumbnail","cs-entry","cs-video-wrap"],"_links":{"self":[{"href":"https:\/\/agendacultural.catedraturismosostenible.es\/agenda\/wp-json\/wp\/v2\/tribe_events\/19454","targetHints":{"allow":["GET"]}}],"collection":[{"href":"https:\/\/agendacultural.catedraturismosostenible.es\/agenda\/wp-json\/wp\/v2\/tribe_events"}],"about":[{"href":"https:\/\/agendacultural.catedraturismosostenible.es\/agenda\/wp-json\/wp\/v2\/types\/tribe_events"}],"author":[{"embeddable":true,"href":"https:\/\/agendacultural.catedraturismosostenible.es\/agenda\/wp-json\/wp\/v2\/users\/1"}],"replies":[{"embeddable":true,"href":"https:\/\/agendacultural.catedraturismosostenible.es\/agenda\/wp-json\/wp\/v2\/comments?post=19454"}],"version-history":[{"count":3,"href":"https:\/\/agendacultural.catedraturismosostenible.es\/agenda\/wp-json\/wp\/v2\/tribe_events\/19454\/revisions"}],"predecessor-version":[{"id":19472,"href":"https:\/\/agendacultural.catedraturismosostenible.es\/agenda\/wp-json\/wp\/v2\/tribe_events\/19454\/revisions\/19472"}],"wp:featuredmedia":[{"embeddable":true,"href":"https:\/\/agendacultural.catedraturismosostenible.es\/agenda\/wp-json\/wp\/v2\/media\/19456"}],"wp:attachment":[{"href":"https:\/\/agendacultural.catedraturismosostenible.es\/agenda\/wp-json\/wp\/v2\/media?parent=19454"}],"wp:term":[{"taxonomy":"post_tag","embeddable":true,"href":"https:\/\/agendacultural.catedraturismosostenible.es\/agenda\/wp-json\/wp\/v2\/tags?post=19454"},{"taxonomy":"tribe_events_cat","embeddable":true,"href":"https:\/\/agendacultural.catedraturismosostenible.es\/agenda\/wp-json\/wp\/v2\/tribe_events_cat?post=19454"}],"curies":[{"name":"wp","href":"https:\/\/api.w.org\/{rel}","templated":true}]}}

<p>Festival organizado por las escuelas oficiales de idiomas de Galicia para compartir la creación de músicos y poetas en gallego y portugués, con una selección a través de votación del alumnado y una gala de entrega.</p>

Festival organizado por las escuelas oficiales de idiomas de Galicia para compartir la creación de músicos y poetas&hellip;
