{"id":10000026,"date":"2024-09-11T11:33:00","date_gmt":"2024-09-11T09:33:00","guid":{"rendered":"https:\/\/agendacultural.catedraturismosostenible.es\/agenda\/?post_type=tribe_events&#038;p=19505"},"modified":"2024-09-11T11:33:00","modified_gmt":"2024-09-11T09:33:00","slug":"periferias-festival-internacional-de-cinema","status":"publish","type":"tribe_events","link":"https:\/\/agendacultural.catedraturismosostenible.es\/agenda\/event\/periferias-festival-internacional-de-cinema\/2024-09-04\/","title":{"rendered":"Periferias Festival Internacional de Cine(ma)"},"content":{"rendered":"<p>Desarrollado en Alentejo y Extremadura (Marv\u00e3o, Valencia de Alc\u00e1ntara, Fonta\u00f1era, Malpartida de C\u00e1ceres y otros pueblos y espacios de la frontera luso-extreme\u00f1a). Consiste en una producci\u00f3n colectiva de eventos, principalmente cinematogr\u00e1ficos, al aire libre, en las aldeas y lugares hist\u00f3ricos de la frontera luso-espa\u00f1ola. Se trata de un proyecto de descentralizaci\u00f3n cultural dirigido principalmente a comunidades rurales donde no existen salas de cine. Un viaje que se repite cada a\u00f1o, entre castillos, ruinas hist\u00f3ricas de un pasado romano, puentes medievales, antiguas estaciones de tren y rec\u00f3nditos lugares fronterizos, en el que la mercanc\u00eda son pel\u00edculas de autor y obras documentales con temas transversales. El entorno natural y cultural en el que se presentan las pel\u00edculas es un rasgo distintivo del festival: cada sesi\u00f3n programada se adapta a las caracter\u00edsticas del espacio y a su p\u00fablico potencial.<\/p>\n","protected":false},"excerpt":{"rendered":"Desarrollado en Alentejo y Extremadura (Marv\u00e3o, Valencia de Alc\u00e1ntara, Fonta\u00f1era, Malpartida de C\u00e1ceres y otros pueblos y espacios&hellip;\n","protected":false},"author":1,"featured_media":19506,"comment_status":"closed","ping_status":"closed","template":"","meta":{"_tribe_events_status":"","_tribe_events_status_reason":"","_tribe_events_is_hybrid":"","_tribe_events_is_virtual":"","_tribe_events_virtual_video_source":"","_tribe_events_virtual_embed_video":"","_tribe_events_virtual_linked_button_text":"","_tribe_events_virtual_linked_button":"","_tribe_events_virtual_show_embed_at":"","_tribe_events_virtual_show_embed_to":[],"_tribe_events_virtual_show_on_event":"","_tribe_events_virtual_show_on_views":"","_tribe_events_virtual_url":"","footnotes":""},"tags":[],"tribe_events_cat":[],"class_list":["post-10000026","tribe_events","type-tribe_events","status-publish","has-post-thumbnail","tribe-recurring-event","tribe-recurring-event-parent","cs-entry","cs-video-wrap"],"_links":{"self":[{"href":"https:\/\/agendacultural.catedraturismosostenible.es\/agenda\/wp-json\/wp\/v2\/tribe_events\/10000026","targetHints":{"allow":["GET"]}}],"collection":[{"href":"https:\/\/agendacultural.catedraturismosostenible.es\/agenda\/wp-json\/wp\/v2\/tribe_events"}],"about":[{"href":"https:\/\/agendacultural.catedraturismosostenible.es\/agenda\/wp-json\/wp\/v2\/types\/tribe_events"}],"author":[{"embeddable":true,"href":"https:\/\/agendacultural.catedraturismosostenible.es\/agenda\/wp-json\/wp\/v2\/users\/1"}],"replies":[{"embeddable":true,"href":"https:\/\/agendacultural.catedraturismosostenible.es\/agenda\/wp-json\/wp\/v2\/comments?post=10000026"}],"version-history":[{"count":0,"href":"https:\/\/agendacultural.catedraturismosostenible.es\/agenda\/wp-json\/wp\/v2\/tribe_events\/10000026\/revisions"}],"wp:featuredmedia":[{"embeddable":true,"href":"https:\/\/agendacultural.catedraturismosostenible.es\/agenda\/wp-json\/wp\/v2\/media\/19506"}],"wp:attachment":[{"href":"https:\/\/agendacultural.catedraturismosostenible.es\/agenda\/wp-json\/wp\/v2\/media?parent=10000026"}],"wp:term":[{"taxonomy":"post_tag","embeddable":true,"href":"https:\/\/agendacultural.catedraturismosostenible.es\/agenda\/wp-json\/wp\/v2\/tags?post=10000026"},{"taxonomy":"tribe_events_cat","embeddable":true,"href":"https:\/\/agendacultural.catedraturismosostenible.es\/agenda\/wp-json\/wp\/v2\/tribe_events_cat?post=10000026"}],"curies":[{"name":"wp","href":"https:\/\/api.w.org\/{rel}","templated":true}]}}

<p>Desarrollado en Alentejo y Extremadura (Marvão, Valencia de Alcántara, Fontañera, Malpartida de Cáceres y otros pueblos y espacios de la frontera luso-extremeña). Consiste en una producción colectiva de eventos, principalmente cinematográficos, al aire libre, en las aldeas y lugares históricos de la frontera luso-española. Se trata de un proyecto de descentralización cultural dirigido principalmente a comunidades rurales donde no existen salas de cine. Un viaje que se repite cada año, entre castillos, ruinas históricas de un pasado romano, puentes medievales, antiguas estaciones de tren y recónditos lugares fronterizos, en el que la mercancía son películas de autor y obras documentales con temas transversales. El entorno natural y cultural en el que se presentan las películas es un rasgo distintivo del festival: cada sesión programada se adapta a las características del espacio y a su público potencial.</p>

Desarrollado en Alentejo y Extremadura (Marvão, Valencia de Alcántara, Fontañera, Malpartida de Cáceres y otros pueblos y espacios&hellip;
