{"id":10000020,"date":"2024-09-11T11:15:03","date_gmt":"2024-09-11T09:15:03","guid":{"rendered":"https:\/\/agendacultural.catedraturismosostenible.es\/agenda\/?post_type=tribe_events&#038;p=19496"},"modified":"2024-09-11T11:15:03","modified_gmt":"2024-09-11T09:15:03","slug":"quintas-do-camoes","status":"publish","type":"tribe_events","link":"https:\/\/agendacultural.catedraturismosostenible.es\/agenda\/event\/quintas-do-camoes\/2024-09-08\/","title":{"rendered":"Quintas do Cam\u00f5es"},"content":{"rendered":"<p>Se desarrolla en Galicia (Santiago de Compostela). Colaboraci\u00f3n del Centro Cultural Portugu\u00e9s en Vigo con el Centro Dram\u00e1tico Galego que incluye diversos espect\u00e1culos de teatro en portugu\u00e9s.<\/p>\n","protected":false},"excerpt":{"rendered":"Se desarrolla en Galicia (Santiago de Compostela). Colaboraci\u00f3n del Centro Cultural Portugu\u00e9s en Vigo con el Centro Dram\u00e1tico&hellip;\n","protected":false},"author":1,"featured_media":19497,"comment_status":"closed","ping_status":"closed","template":"","meta":{"_tribe_events_status":"","_tribe_events_status_reason":"","_tribe_events_is_hybrid":"","_tribe_events_is_virtual":"","_tribe_events_virtual_video_source":"","_tribe_events_virtual_embed_video":"","_tribe_events_virtual_linked_button_text":"","_tribe_events_virtual_linked_button":"","_tribe_events_virtual_show_embed_at":"","_tribe_events_virtual_show_embed_to":[],"_tribe_events_virtual_show_on_event":"","_tribe_events_virtual_show_on_views":"","_tribe_events_virtual_url":"","footnotes":""},"tags":[],"tribe_events_cat":[],"class_list":["post-10000020","tribe_events","type-tribe_events","status-publish","has-post-thumbnail","tribe-recurring-event","tribe-recurring-event-parent","cs-entry","cs-video-wrap"],"_links":{"self":[{"href":"https:\/\/agendacultural.catedraturismosostenible.es\/agenda\/wp-json\/wp\/v2\/tribe_events\/10000020","targetHints":{"allow":["GET"]}}],"collection":[{"href":"https:\/\/agendacultural.catedraturismosostenible.es\/agenda\/wp-json\/wp\/v2\/tribe_events"}],"about":[{"href":"https:\/\/agendacultural.catedraturismosostenible.es\/agenda\/wp-json\/wp\/v2\/types\/tribe_events"}],"author":[{"embeddable":true,"href":"https:\/\/agendacultural.catedraturismosostenible.es\/agenda\/wp-json\/wp\/v2\/users\/1"}],"replies":[{"embeddable":true,"href":"https:\/\/agendacultural.catedraturismosostenible.es\/agenda\/wp-json\/wp\/v2\/comments?post=10000020"}],"version-history":[{"count":0,"href":"https:\/\/agendacultural.catedraturismosostenible.es\/agenda\/wp-json\/wp\/v2\/tribe_events\/10000020\/revisions"}],"wp:featuredmedia":[{"embeddable":true,"href":"https:\/\/agendacultural.catedraturismosostenible.es\/agenda\/wp-json\/wp\/v2\/media\/19497"}],"wp:attachment":[{"href":"https:\/\/agendacultural.catedraturismosostenible.es\/agenda\/wp-json\/wp\/v2\/media?parent=10000020"}],"wp:term":[{"taxonomy":"post_tag","embeddable":true,"href":"https:\/\/agendacultural.catedraturismosostenible.es\/agenda\/wp-json\/wp\/v2\/tags?post=10000020"},{"taxonomy":"tribe_events_cat","embeddable":true,"href":"https:\/\/agendacultural.catedraturismosostenible.es\/agenda\/wp-json\/wp\/v2\/tribe_events_cat?post=10000020"}],"curies":[{"name":"wp","href":"https:\/\/api.w.org\/{rel}","templated":true}]}}

Quintas do Camões

<p>Se desarrolla en Galicia (Santiago de Compostela). Colaboración del Centro Cultural Portugués en Vigo con el Centro Dramático Galego que incluye diversos espectáculos de teatro en portugués.</p>

Se desarrolla en Galicia (Santiago de Compostela). Colaboración del Centro Cultural Portugués en Vigo con el Centro Dramático&hellip;
