{"id":10000014,"date":"2024-09-11T10:56:47","date_gmt":"2024-09-11T08:56:47","guid":{"rendered":"https:\/\/agendacultural.catedraturismosostenible.es\/agenda\/?post_type=tribe_events&#038;p=19488"},"modified":"2024-09-11T11:09:33","modified_gmt":"2024-09-11T09:09:33","slug":"festival-contrabando","status":"publish","type":"tribe_events","link":"https:\/\/agendacultural.catedraturismosostenible.es\/agenda\/event\/festival-contrabando\/2024-09-28\/","title":{"rendered":"Festival Contrabando"},"content":{"rendered":"<p><span style=\"font-weight: 400;\">Se desarrolla en el Algarve y Andaluc\u00eda (Alcoutim\/ Sanl\u00facar de Guadiana). El Festival do Contrabando representa el homenaje a una actividad que, a lo largo de la historia, fue importante para las gentes de la frontera<a href=\"applewebdata:\/\/5129B365-452F-4BFB-9CC9-000F6104BF80#_ftn1\" name=\"_ftnref1\">[1]<\/a>. El paisaje fronterizo que, en aquella \u00e9poca, desafiaba a los temerarios porteadores de mercadur\u00eda, ahora es escenario de varios proyectos culturales que transmiten a nuestras poblaciones y a sus visitantes, sue\u00f1os y ambiciones; trayendo hasta estas dos villas fronterizas una oferta cultural diversa. El Festival incluye talleres, conciertos, reactivaci\u00f3n de vida artesanal, etc.<\/span><\/p>\n<p><a href=\"applewebdata:\/\/5129B365-452F-4BFB-9CC9-000F6104BF80#_ftnref1\" name=\"_ftn1\">[1]<\/a> La regi\u00f3n de Alcoutim y Sanl\u00facar de Guadiana fue uno de los escenarios propicios para la actividad del contrabando, acostumbr\u00e1ndose a decir que &#8220;&#8221;donde hay frontera, existe contrabando; y Alcoutim y Sanl\u00facar de Guadiana est\u00e1n, justamente, en la l\u00ednea de frontera del sur, tendiendo el r\u00edo Guadiana a separarlos (&#8230;o a unirlos).<\/p>\n","protected":false},"excerpt":{"rendered":"Se desarrolla en el Algarve y Andaluc\u00eda (Alcoutim\/ Sanl\u00facar de Guadiana). El Festival do Contrabando representa el homenaje&hellip;\n","protected":false},"author":1,"featured_media":19495,"comment_status":"closed","ping_status":"closed","template":"","meta":{"_tribe_events_status":"","_tribe_events_status_reason":"","_tribe_events_is_hybrid":"","_tribe_events_is_virtual":"","_tribe_events_virtual_video_source":"","_tribe_events_virtual_embed_video":"","_tribe_events_virtual_linked_button_text":"","_tribe_events_virtual_linked_button":"","_tribe_events_virtual_show_embed_at":"","_tribe_events_virtual_show_embed_to":[],"_tribe_events_virtual_show_on_event":"","_tribe_events_virtual_show_on_views":"","_tribe_events_virtual_url":"","footnotes":""},"tags":[],"tribe_events_cat":[],"class_list":["post-10000014","tribe_events","type-tribe_events","status-publish","has-post-thumbnail","tribe-recurring-event","tribe-recurring-event-parent","cs-entry","cs-video-wrap"],"_links":{"self":[{"href":"https:\/\/agendacultural.catedraturismosostenible.es\/agenda\/wp-json\/wp\/v2\/tribe_events\/10000014","targetHints":{"allow":["GET"]}}],"collection":[{"href":"https:\/\/agendacultural.catedraturismosostenible.es\/agenda\/wp-json\/wp\/v2\/tribe_events"}],"about":[{"href":"https:\/\/agendacultural.catedraturismosostenible.es\/agenda\/wp-json\/wp\/v2\/types\/tribe_events"}],"author":[{"embeddable":true,"href":"https:\/\/agendacultural.catedraturismosostenible.es\/agenda\/wp-json\/wp\/v2\/users\/1"}],"replies":[{"embeddable":true,"href":"https:\/\/agendacultural.catedraturismosostenible.es\/agenda\/wp-json\/wp\/v2\/comments?post=10000014"}],"version-history":[{"count":0,"href":"https:\/\/agendacultural.catedraturismosostenible.es\/agenda\/wp-json\/wp\/v2\/tribe_events\/10000014\/revisions"}],"wp:featuredmedia":[{"embeddable":true,"href":"https:\/\/agendacultural.catedraturismosostenible.es\/agenda\/wp-json\/wp\/v2\/media\/19495"}],"wp:attachment":[{"href":"https:\/\/agendacultural.catedraturismosostenible.es\/agenda\/wp-json\/wp\/v2\/media?parent=10000014"}],"wp:term":[{"taxonomy":"post_tag","embeddable":true,"href":"https:\/\/agendacultural.catedraturismosostenible.es\/agenda\/wp-json\/wp\/v2\/tags?post=10000014"},{"taxonomy":"tribe_events_cat","embeddable":true,"href":"https:\/\/agendacultural.catedraturismosostenible.es\/agenda\/wp-json\/wp\/v2\/tribe_events_cat?post=10000014"}],"curies":[{"name":"wp","href":"https:\/\/api.w.org\/{rel}","templated":true}]}}

<p><span style="font-weight: 400;">Se desarrolla en el Algarve y Andalucía (Alcoutim/ Sanlúcar de Guadiana). El Festival do Contrabando representa el homenaje a una actividad que, a lo largo de la historia, fue importante para las gentes de la frontera<a href="applewebdata://5129B365-452F-4BFB-9CC9-000F6104BF80#_ftn1" name="_ftnref1">[1]</a>. El paisaje fronterizo que, en aquella época, desafiaba a los temerarios porteadores de mercaduría, ahora es escenario de varios proyectos culturales que transmiten a nuestras poblaciones y a sus visitantes, sueños y ambiciones; trayendo hasta estas dos villas fronterizas una oferta cultural diversa. El Festival incluye talleres, conciertos, reactivación de vida artesanal, etc.</span></p>
<p><a href="applewebdata://5129B365-452F-4BFB-9CC9-000F6104BF80#_ftnref1" name="_ftn1">[1]</a> La región de Alcoutim y Sanlúcar de Guadiana fue uno de los escenarios propicios para la actividad del contrabando, acostumbrándose a decir que &#8220;&#8221;donde hay frontera, existe contrabando; y Alcoutim y Sanlúcar de Guadiana están, justamente, en la línea de frontera del sur, tendiendo el río Guadiana a separarlos (&#8230;o a unirlos).</p>

Se desarrolla en el Algarve y Andalucía (Alcoutim/ Sanlúcar de Guadiana). El Festival do Contrabando representa el homenaje&hellip;
