{"id":10000007,"date":"2024-09-11T08:27:50","date_gmt":"2024-09-11T06:27:50","guid":{"rendered":"https:\/\/agendacultural.catedraturismosostenible.es\/agenda\/?post_type=tribe_events&#038;p=19468"},"modified":"2024-09-11T08:48:20","modified_gmt":"2024-09-11T06:48:20","slug":"festival-termas-e-monfortinho","status":"publish","type":"tribe_events","link":"https:\/\/agendacultural.catedraturismosostenible.es\/agenda\/event\/festival-termas-e-monfortinho\/2024-09-22\/","title":{"rendered":"Festival Termas \u00e9 Monfortinho"},"content":{"rendered":"<p>Se desarrolla en\u00a0 la Regi\u00f3n Centro de Portugal\u00a0 y Extremadura (Monfortinho &#8211; Idanha-a-Nova) El festival acoge un amplio programa de actividades culturales y art\u00edsticas. En 2022, el festival fue galardonado con el premio &#8220;Gente Viajera&#8221;, en la categor\u00eda &#8220;Turismo Portugu\u00e9s&#8221;.<\/p>\n","protected":false},"excerpt":{"rendered":"Se desarrolla en\u00a0 la Regi\u00f3n Centro de Portugal\u00a0 y Extremadura (Monfortinho &#8211; Idanha-a-Nova) El festival acoge un amplio&hellip;\n","protected":false},"author":1,"featured_media":19473,"comment_status":"closed","ping_status":"closed","template":"","meta":{"_tribe_events_status":"","_tribe_events_status_reason":"","_tribe_events_is_hybrid":"","_tribe_events_is_virtual":"","_tribe_events_virtual_video_source":"","_tribe_events_virtual_embed_video":"","_tribe_events_virtual_linked_button_text":"","_tribe_events_virtual_linked_button":"","_tribe_events_virtual_show_embed_at":"","_tribe_events_virtual_show_embed_to":[],"_tribe_events_virtual_show_on_event":"","_tribe_events_virtual_show_on_views":"","_tribe_events_virtual_url":"","footnotes":""},"tags":[],"tribe_events_cat":[],"class_list":["post-10000007","tribe_events","type-tribe_events","status-publish","has-post-thumbnail","tribe-recurring-event","tribe-recurring-event-parent","cs-entry","cs-video-wrap"],"_links":{"self":[{"href":"https:\/\/agendacultural.catedraturismosostenible.es\/agenda\/wp-json\/wp\/v2\/tribe_events\/10000007","targetHints":{"allow":["GET"]}}],"collection":[{"href":"https:\/\/agendacultural.catedraturismosostenible.es\/agenda\/wp-json\/wp\/v2\/tribe_events"}],"about":[{"href":"https:\/\/agendacultural.catedraturismosostenible.es\/agenda\/wp-json\/wp\/v2\/types\/tribe_events"}],"author":[{"embeddable":true,"href":"https:\/\/agendacultural.catedraturismosostenible.es\/agenda\/wp-json\/wp\/v2\/users\/1"}],"replies":[{"embeddable":true,"href":"https:\/\/agendacultural.catedraturismosostenible.es\/agenda\/wp-json\/wp\/v2\/comments?post=10000007"}],"version-history":[{"count":0,"href":"https:\/\/agendacultural.catedraturismosostenible.es\/agenda\/wp-json\/wp\/v2\/tribe_events\/10000007\/revisions"}],"wp:featuredmedia":[{"embeddable":true,"href":"https:\/\/agendacultural.catedraturismosostenible.es\/agenda\/wp-json\/wp\/v2\/media\/19473"}],"wp:attachment":[{"href":"https:\/\/agendacultural.catedraturismosostenible.es\/agenda\/wp-json\/wp\/v2\/media?parent=10000007"}],"wp:term":[{"taxonomy":"post_tag","embeddable":true,"href":"https:\/\/agendacultural.catedraturismosostenible.es\/agenda\/wp-json\/wp\/v2\/tags?post=10000007"},{"taxonomy":"tribe_events_cat","embeddable":true,"href":"https:\/\/agendacultural.catedraturismosostenible.es\/agenda\/wp-json\/wp\/v2\/tribe_events_cat?post=10000007"}],"curies":[{"name":"wp","href":"https:\/\/api.w.org\/{rel}","templated":true}]}}

Festival Termas é Monfortinho

<p>Se desarrolla en  la Región Centro de Portugal  y Extremadura (Monfortinho &#8211; Idanha-a-Nova) El festival acoge un amplio programa de actividades culturales y artísticas. En 2022, el festival fue galardonado con el premio &#8220;Gente Viajera&#8221;, en la categoría &#8220;Turismo Portugués&#8221;.</p>

Se desarrolla en  la Región Centro de Portugal  y Extremadura (Monfortinho &#8211; Idanha-a-Nova) El festival acoge un amplio&hellip;
